{"version":"1.0","provider_name":"La Ciudad en el Arte","provider_url":"https:\/\/sites.cardenalcisneros.es\/ciudadarte","author_name":"Claudia Mart\u00ednez L\u00f3pez","author_url":"https:\/\/sites.cardenalcisneros.es\/ciudadarte\/index.php\/author\/03201402\/","title":"SION (Sebastian M\u00fcnster, siglo XVI) - La Ciudad en el Arte","type":"rich","width":600,"height":338,"html":"<blockquote class=\"wp-embedded-content\" data-secret=\"4JDkoOd3hm\"><a href=\"https:\/\/sites.cardenalcisneros.es\/ciudadarte\/index.php\/2018\/05\/26\/sion-sebastian-munster-siglo-xvi\/\">SION (Sebastian M\u00fcnster, siglo XVI)<\/a><\/blockquote><iframe sandbox=\"allow-scripts\" security=\"restricted\" src=\"https:\/\/sites.cardenalcisneros.es\/ciudadarte\/index.php\/2018\/05\/26\/sion-sebastian-munster-siglo-xvi\/embed\/#?secret=4JDkoOd3hm\" width=\"600\" height=\"338\" title=\"\u00abSION (Sebastian M\u00fcnster, siglo XVI)\u00bb \u2014 La Ciudad en el Arte\" data-secret=\"4JDkoOd3hm\" frameborder=\"0\" marginwidth=\"0\" marginheight=\"0\" scrolling=\"no\" class=\"wp-embedded-content\"><\/iframe><script type=\"text\/javascript\">\n\/*! This file is auto-generated *\/\n!function(c,l){\"use strict\";var e=!1,o=!1;if(l.querySelector)if(c.addEventListener)e=!0;if(c.wp=c.wp||{},c.wp.receiveEmbedMessage);else if(c.wp.receiveEmbedMessage=function(e){var t=e.data;if(!t);else if(!(t.secret||t.message||t.value));else if(\/[^a-zA-Z0-9]\/.test(t.secret));else{for(var r,s,a,i=l.querySelectorAll('iframe[data-secret=\"'+t.secret+'\"]'),n=l.querySelectorAll('blockquote[data-secret=\"'+t.secret+'\"]'),o=0;o<n.length;o++)n[o].style.display=\"none\";for(o=0;o<i.length;o++)if(r=i[o],e.source!==r.contentWindow);else{if(r.removeAttribute(\"style\"),\"height\"===t.message){if(1e3<(s=parseInt(t.value,10)))s=1e3;else if(~~s<200)s=200;r.height=s}if(\"link\"===t.message)if(s=l.createElement(\"a\"),a=l.createElement(\"a\"),s.href=r.getAttribute(\"src\"),a.href=t.value,a.host===s.host)if(l.activeElement===r)c.top.location.href=t.value}}},e)c.addEventListener(\"message\",c.wp.receiveEmbedMessage,!1),l.addEventListener(\"DOMContentLoaded\",t,!1),c.addEventListener(\"load\",t,!1);function t(){if(o);else{o=!0;for(var e,t,r,s=-1!==navigator.appVersion.indexOf(\"MSIE 10\"),a=!!navigator.userAgent.match(\/Trident.*rv:11\\.\/),i=l.querySelectorAll(\"iframe.wp-embedded-content\"),n=0;n<i.length;n++){if(!(r=(t=i[n]).getAttribute(\"data-secret\")))r=Math.random().toString(36).substr(2,10),t.src+=\"#?secret=\"+r,t.setAttribute(\"data-secret\",r);if(s||a)(e=t.cloneNode(!0)).removeAttribute(\"security\"),t.parentNode.replaceChild(e,t);t.contentWindow.postMessage({message:\"ready\",secret:r},\"*\")}}}}(window,document);\n<\/script>\n","description":"La imagen con la que vamos a trabajar es una ilustraci\u00f3n del cosm\u00f3grafo Sebastian M\u00fcnster, perteneciente a su obra Cosmographia, que es la primera descripci\u00f3n del mundo en alem\u00e1n y en uno de los libros de Geograf\u00eda m\u00e1s importantes del siglo XVI.\u00a0M\u00fcnster naci\u00f3 en Alemania en 1488 y falleci\u00f3 en Suiza en 1552. A lo [&hellip;]","thumbnail_url":"http:\/\/sites.cardenalcisneros.es\/ciudadarte\/wp-content\/uploads\/2018\/05\/Captura-de-pantalla-2018-05-26-a-las-19.22.51-1024x576.png"}

Claudia Martínez López

SION (Sebastian Münster, siglo XVI) - La Ciudad en el Arte

<blockquote class="wp-embedded-content" data-secret="4JDkoOd3hm"><a href="https://sites.cardenalcisneros.es/ciudadarte/index.php/2018/05/26/sion-sebastian-munster-siglo-xvi/">SION (Sebastian Münster, siglo XVI)</a></blockquote><iframe sandbox="allow-scripts" security="restricted" src="https://sites.cardenalcisneros.es/ciudadarte/index.php/2018/05/26/sion-sebastian-munster-siglo-xvi/embed/#?secret=4JDkoOd3hm" width="600" height="338" title="«SION (Sebastian Münster, siglo XVI)» — La Ciudad en el Arte" data-secret="4JDkoOd3hm" frameborder="0" marginwidth="0" marginheight="0" scrolling="no" class="wp-embedded-content"></iframe><script type="text/javascript">
/*! This file is auto-generated */
!function(c,l){"use strict";var e=!1,o=!1;if(l.querySelector)if(c.addEventListener)e=!0;if(c.wp=c.wp||{},c.wp.receiveEmbedMessage);else if(c.wp.receiveEmbedMessage=function(e){var t=e.data;if(!t);else if(!(t.secret||t.message||t.value));else if(/[^a-zA-Z0-9]/.test(t.secret));else{for(var r,s,a,i=l.querySelectorAll('iframe[data-secret="'+t.secret+'"]'),n=l.querySelectorAll('blockquote[data-secret="'+t.secret+'"]'),o=0;o<n.length;o++)n[o].style.display="none";for(o=0;o<i.length;o++)if(r=i[o],e.source!==r.contentWindow);else{if(r.removeAttribute("style"),"height"===t.message){if(1e3<(s=parseInt(t.value,10)))s=1e3;else if(~~s<200)s=200;r.height=s}if("link"===t.message)if(s=l.createElement("a"),a=l.createElement("a"),s.href=r.getAttribute("src"),a.href=t.value,a.host===s.host)if(l.activeElement===r)c.top.location.href=t.value}}},e)c.addEventListener("message",c.wp.receiveEmbedMessage,!1),l.addEventListener("DOMContentLoaded",t,!1),c.addEventListener("load",t,!1);function t(){if(o);else{o=!0;for(var e,t,r,s=-1!==navigator.appVersion.indexOf("MSIE 10"),a=!!navigator.userAgent.match(/Trident.*rv:11\./),i=l.querySelectorAll("iframe.wp-embedded-content"),n=0;n<i.length;n++){if(!(r=(t=i[n]).getAttribute("data-secret")))r=Math.random().toString(36).substr(2,10),t.src+="#?secret="+r,t.setAttribute("data-secret",r);if(s||a)(e=t.cloneNode(!0)).removeAttribute("security"),t.parentNode.replaceChild(e,t);t.contentWindow.postMessage({message:"ready",secret:r},"*")}}}}(window,document);
</script>

La imagen con la que vamos a trabajar es una ilustración del cosmógrafo Sebastian Münster, perteneciente a su obra Cosmographia, que es la primera descripción del mundo en alemán y en uno de los libros de Geografía más importantes del siglo XVI. Münster nació en Alemania en 1488 y falleció en Suiza en 1552. A lo [&hellip;]
