{"version":"1.0","provider_name":"La Ciudad en el Arte","provider_url":"https:\/\/sites.cardenalcisneros.es\/ciudadarte","author_name":"Alumno Campus","author_url":"https:\/\/sites.cardenalcisneros.es\/ciudadarte\/index.php\/author\/alumnocampus\/","title":"ARANDA DE DUERO (Fernando Gamarra, 1503) - La Ciudad en el Arte","type":"rich","width":600,"height":338,"html":"<blockquote class=\"wp-embedded-content\" data-secret=\"HApenbAMcJ\"><a href=\"https:\/\/sites.cardenalcisneros.es\/ciudadarte\/index.php\/2012\/06\/25\/aranda-de-duero-1503\/\">ARANDA DE DUERO (Fernando Gamarra, 1503)<\/a><\/blockquote><iframe sandbox=\"allow-scripts\" security=\"restricted\" src=\"https:\/\/sites.cardenalcisneros.es\/ciudadarte\/index.php\/2012\/06\/25\/aranda-de-duero-1503\/embed\/#?secret=HApenbAMcJ\" width=\"600\" height=\"338\" title=\"\u00abARANDA DE DUERO (Fernando Gamarra, 1503)\u00bb \u2014 La Ciudad en el Arte\" data-secret=\"HApenbAMcJ\" frameborder=\"0\" marginwidth=\"0\" marginheight=\"0\" scrolling=\"no\" class=\"wp-embedded-content\"><\/iframe><script type=\"text\/javascript\">\n\/*! This file is auto-generated *\/\n!function(c,l){\"use strict\";var e=!1,o=!1;if(l.querySelector)if(c.addEventListener)e=!0;if(c.wp=c.wp||{},c.wp.receiveEmbedMessage);else if(c.wp.receiveEmbedMessage=function(e){var t=e.data;if(!t);else if(!(t.secret||t.message||t.value));else if(\/[^a-zA-Z0-9]\/.test(t.secret));else{for(var r,s,a,i=l.querySelectorAll('iframe[data-secret=\"'+t.secret+'\"]'),n=l.querySelectorAll('blockquote[data-secret=\"'+t.secret+'\"]'),o=0;o<n.length;o++)n[o].style.display=\"none\";for(o=0;o<i.length;o++)if(r=i[o],e.source!==r.contentWindow);else{if(r.removeAttribute(\"style\"),\"height\"===t.message){if(1e3<(s=parseInt(t.value,10)))s=1e3;else if(~~s<200)s=200;r.height=s}if(\"link\"===t.message)if(s=l.createElement(\"a\"),a=l.createElement(\"a\"),s.href=r.getAttribute(\"src\"),a.href=t.value,a.host===s.host)if(l.activeElement===r)c.top.location.href=t.value}}},e)c.addEventListener(\"message\",c.wp.receiveEmbedMessage,!1),l.addEventListener(\"DOMContentLoaded\",t,!1),c.addEventListener(\"load\",t,!1);function t(){if(o);else{o=!0;for(var e,t,r,s=-1!==navigator.appVersion.indexOf(\"MSIE 10\"),a=!!navigator.userAgent.match(\/Trident.*rv:11\\.\/),i=l.querySelectorAll(\"iframe.wp-embedded-content\"),n=0;n<i.length;n++){if(!(r=(t=i[n]).getAttribute(\"data-secret\")))r=Math.random().toString(36).substr(2,10),t.src+=\"#?secret=\"+r,t.setAttribute(\"data-secret\",r);if(s||a)(e=t.cloneNode(!0)).removeAttribute(\"security\"),t.parentNode.replaceChild(e,t);t.contentWindow.postMessage({message:\"ready\",secret:r},\"*\")}}}}(window,document);\n<\/script>\n","description":"En sus or\u00edgenes,\u00a0en el siglo IX, desde que comenzara la repoblaci\u00f3n cristiana de la cuenca del Duero, esta villa ten\u00eda como funci\u00f3n proteger el \u00fanico puente que cruzaba el r\u00edo en toda la regi\u00f3n. Por ello se empez\u00f3 a construir una fortificaci\u00f3n en el mismo puente que se termin\u00f3 en el siglo X, a cuya [&hellip;]","thumbnail_url":"http:\/\/sites.cardenalcisneros.es\/ciudadarte\/wp-content\/uploads\/2012\/07\/Aranda-Diego-Diez1.jpg"}

En sus orígenes, en el siglo IX, desde que comenzara la repoblación cristiana de la cuenca del Duero, esta villa tenía como función proteger el único puente que cruzaba el río en toda la región. Por ello se empezó a construir una fortificación en el mismo puente que se terminó en el siglo X, a cuya [&hellip;]
